h + 13 = -3*r. Calculate the remainder when 55 is divided by -1 + 30/(r - -2).
26
What is the remainder when 37 is divided by (58/(-145))/(2/(-40))?
5
Let c be 4/10*(-22 + 27). Calculate the remainder when 167 is divided by (-1)/(-2) - (-67)/c.
31
Suppose 179 = 5*g + 5*n - 2*n, 0 = -g - 2*n + 40. Calculate the remainder when -1 + -3 + 4 + -67 + 199 is divided by g.
30
Let a = 138 + -114. What is the remainder when 84 is divided by a?
12
Suppose -3*j = -2*j - o + 1, -2*j + 5*o - 14 = 0. Suppose -4*c + 2*a = -218, -j*a + 0 = 3. What is the remainder when 268 is divided by c?
52
Calculate the remainder when 408 is divided by (-205)/3*60/(-50).
80
Suppose -h = -5, 3*q - 195 = -2*q - h. What is the remainder when 298 is divided by q?
32
Suppose -9*z + 18*z = -270. Calculate the remainder when (-5015)/z + (-2)/12 is divided by 34.
31
Let u(y) be the first derivative of y**4/4 + 5*y**3/3 - 27*y**2/2 - 3*y + 23. Calculate the remainder when u(-8) is divided by 12.
9
Suppose 12*p = -p + 26. Suppose 0 = 9*q + p*q - 891. What is the remainder when q is divided by 21?
18
Suppose -11*v = -484 - 176. What is the remainder when v is divided by 18?
6
Let i(q) = 44*q - 210. Suppose 36 = b - 11. What is the remainder when b is divided by i(5)?
7
Let t(m) = m + 15. Let y be t(-11). Suppose 4*p - 13 = x + 54, -12 = y*x. What is the remainder when 46 is divided by p?
14
Let f = 90 + -46. Suppose -39*h - 675 = -f*h. Calculate the remainder when h is divided by 17.
16
Suppose o + 57 = 5*b, -o - b = o + 59. Let p = o + 83. Calculate the remainder when p is divided by 11.
7
Let d(k) = -2*k**2 - 18*k - 19. Let j be d(-10). Let w = j - -128. Calculate the remainder when w is divided by 10.
9
Let j(g) = g**2 + 4*g - 30. Calculate the remainder when 176 is divided by j(6).
26
Calculate the remainder when 67 is divided by (-2)/((-380)/(-96) + -4).
19
Let t be (2 - -4)/(-2) + 117. Let c = 164 - t. Calculate the remainder when c is divided by 13.
11
Suppose 21*j = 918 + 69. What is the remainder when 138 is divided by j?
44
Let m(g) = 2*g - 10. Suppose -5*d = -3*d - 10, -w = d - 23. What is the remainder when 49 is divided by m(w)?
23
Suppose 0 = -3*g - 2*g + 380. Let s = g + -33. What is the remainder when s is divided by 11?
10
Let v(m) = -3*m**3 - 10*m**2 + 8*m + 9. What is the remainder when 340 is divided by v(-4)?
7
Let l(p) = -1 + 11*p - 4 - 5*p**2 + 7*p**2 + 4. Calculate the remainder when l(-9) is divided by 17.
11
Let h(i) = 21*i**2 + 5*i + 3. Let w be (30/5)/3 + -4. What is the remainder when h(w) is divided by 26?
25
Calculate the remainder when (-618)/(-15)*70/28 is divided by 18.
13
Suppose 7*l - 61 = 58. Suppose -3*s + l = -31. Suppose -8*m + 225 = -3*m. Calculate the remainder when m is divided by s.
13
Suppose -2*j = 4*z - 74, 4*z - 5*j - 121 = -12. Let h(m) = -m**2 + 5*m + 74. Calculate the remainder when z is divided by h(-6).
5
Suppose 3*x - 14 + 8 = 0. Suppose -n - l + 15 = 0, 0*n = -3*n + x*l + 25. Calculate the remainder when 4/(-16) - (-250)/8 is divided by n.
9
Let p(t) = -6*t - 2. Let r(k) = -5*k - 2. Let m(n) = 6*p(n) - 4*r(n). Calculate the remainder when m(-2) is divided by 16.
12
Let k = -208 + 351. Let o = 203 - k. Suppose -8 = 2*t, 2*c + t - 6*t = o. What is the remainder when c is divided by 11?
9
Suppose 2*s - 3 = r, r + 3 = -s + 2*s. Suppose -16*x + 18*x - 86 = s. Calculate the remainder when x is divided by 11.
10
Suppose -77 = -11*n + 110. Suppose 0*y = -3*y - 6. What is the remainder when 662/10 - y/(-10) is divided by n?
15
Suppose 0 = -5*p - 122 - 38. Let w = p - -44. Calculate the remainder when 23 is divided by w.
11
Let s(h) be the first derivative of h**2 - 2*h - 13. Calculate the remainder when s(5) is divided by 2.
0
Suppose 26*k - 45*k + 133 = 0. Calculate the remainder when 173 is divided by k.
5
Suppose 3*w = -4*z + 9, -3*w = -z - 0*w + 6. Suppose 2*n = -z*n. Suppose -d - 4*d + 44 = -h, 4*h + 16 = n. Calculate the remainder when d is divided by 2.
0
What is the remainder when 21 is divided by (9 + -10)/((4/5)/(-4))?
1
Let v(g) be the third derivative of g**4/2 - 5*g**3/6 - 11*g**2. Suppose 2*l - 73 = -17. Calculate the remainder when v(5) is divided by l.
27
Suppose 9*v = -2*v + 198. What is the remainder when 215 is divided by v?
17
What is the remainder when 380/50*(1 + (-92)/(-8)) is divided by 24?
23
Suppose 38 = 3*k + 14. Let y(b) = -4*b. Let x be y(-1). Suppose 5*u - 150 = -x*g, -3*u - 2*g + 90 = -0*g. What is the remainder when u is divided by k?
6
Suppose 106 = 4*n + 2*c, c + 0*c + 122 = 5*n. What is the remainder when 151/9 + 6/27 is divided by ((-90)/n)/(2/(-5))?
8
Calculate the remainder when 0*1/3 + (0 - -63) is divided by 8.
7
Suppose -160 = -4*q - 136. Calculate the remainder when 19 is divided by q.
1
Suppose -7*v + 124 = -65. Suppose 15*g = 18*g - v. What is the remainder when 16 is divided by g?
7
Suppose 229 = -16*m + 19*m - 2*w, -m + 2*w = -83. Calculate the remainder when m is divided by 37.
36
Let x(g) = -g**3 + 14*g**2 - 12*g - 66. What is the remainder when x(8) is divided by 16?
14
Calculate the remainder when ((-31)/(-62))/(-1 - (-657)/654) is divided by 14.
11
Let u = -370 + 377. Let b = 63 - 91. Calculate the remainder when (-4 + -2)/(u/b) is divided by 10.
4
What is the remainder when 32 is divided by 22 + 8/16*-8?
14
Let k(l) = -4*l - 23. Let y(z) = -23*z**3 + z. What is the remainder when y(-1) is divided by k(-8)?
4
Let z be 38/95 - 13/(-5). Suppose 4 = 4*m - z*m. What is the remainder when (2/4)/((-2)/(-60)) is divided by m?
3
Suppose -13*n = -16*n - 45. Let k = 42 - n. Calculate the remainder when k is divided by 21.
15
Let z(n) = -n**2 - 10*n + 5. Let u be z(-10). Let s be ((-9)/u - -1)*-30. Let t = 77 - s. What is the remainder when t is divided by 18?
17
Let w = 201 - 176. What is the remainder when 122 is divided by w?
22
Calculate the remainder when 8/(-108) + (-13408)/(-216) is divided by 9.
8
Let m(g) = 4*g**3 - g**2. Let r be m(1). Suppose -2*z - 1 - r = 0. Calculate the remainder when 2 is divided by 18/9 - (-1 - z).
0
Suppose -15*x + 10*x = -445. Suppose 6*c - 3*a - x = c, -92 = -5*c + 4*a. What is the remainder when 61 is divided by c?
13
Suppose 2*w + 2*w - 12 = 0. Suppose 3*h - 22 - 23 = 2*c, c + 15 = h. Suppose 0*d + 3*d = h. Calculate the remainder when d is divided by w.
2
Suppose -131 = -17*d + 481. Calculate the remainder when d is divided by 10.
6
Suppose j = -4*j + 20. Let r(h) = h**3 - 7*h**2 - 6*h - 15. Let f be r(8). What is the remainder when j is divided by (f/(-3))/(9/(-54))?
0
Let v(y) = y**2 + y + 24. Let m(p) = -p**3 - p**2 - p. Let a be m(0). What is the remainder when v(a) is divided by 9?
6
Let t = -11 - -19. Let k(o) = 1. Let p(i) = i - 21. Let n(l) = -5*k(l) - p(l). Calculate the remainder when 30 is divided by n(t).
6
Let t(x) = x**2 + 33*x - 115. Calculate the remainder when 110 is divided by t(-37).
11
Let g(p) = p**2 + 3*p - 8. Let c = 2 + -9. What is the remainder when 57 is divided by g(c)?
17
Suppose -2*o - 21 = -133. Let x = -189 + 209. What is the remainder when o is divided by x?
16
Suppose 2*x + 0*x = 14. What is the remainder when (-5)/(90/(-363)) - 8/48 is divided by x?
6
Let y = 1530 + -1156. What is the remainder when y is divided by 25?
24
Let z(j) = -j**2 - 11*j - 13. Let b = -12 + 33. What is the remainder when b is divided by z(-9)?
1
Suppose -6*a + 48 = -2*a. Let k be 3 + a/(-3) + 1. Suppose 0 = -5*z - 5*f + 90, -3*z - z + 3*f + 58 = k. Calculate the remainder when 31 is divided by z.
15
Let m(g) = -g - 7. Let a be (13/2)/((-2)/4). Let w be m(a). What is the remainder when ((-50)/w)/((-4)/12) is divided by 13?
12
Let m(y) = 2*y**3 - 33*y**2 + 7*y + 9. Let p(r) = -r**3 + 17*r**2 - 3*r - 4. Let z(j) = -2*m(j) - 5*p(j). Calculate the remainder when 60 is divided by z(19).
18
Let u = 167 - 24. What is the remainder when u is divided by 32?
15
Let u = -252 + 376. Let q = u - 76. What is the remainder when q is divided by 13?
9
Let m = 640 + -409. Let a = m - 190. Suppose -i - i = -28. What is the remainder when a is divided by i?
13
Suppose 276 = 17*j - 1662. Calculate the remainder when 1023 is divided by j.
111
Let s = 223 + 56. Calculate the remainder when s is divided by 56.
55
What is the remainder when (-4)/16*2*-274 is divided by 69?
